ime number?
True
Suppose x + 22 = 2*r + 3*x, 4*x = 0. Suppose -r*o + 19884 = o. Is o a prime number?
True
Let d(f) be the first derivative of f**4/4 + 13*f**3/3 - f**2 + 7*f + 10. Let q be d(-9). Suppose -3*x - 4*g + 265 = -0*x, q = 4*x + g. Is x prime?
False
Let u(z) be the third derivative of 17*z**4/8 - 8*z**3/3 + 21*z**2. Is u(27) composite?
False
Let n(u) = 6*u**2 - 6*u + 1. Suppose 3*t - 3 = 3*i, i - 3*t + 0*t + 7 = 0. Suppose 6*q - i*q = 40. Is n(q) composite?
False
Let w = 6 + -7. Let y be (-2)/(2 + w + 27/(-33)). Is (y - -1)/5 + (-618)/(-2) prime?
True
Let b(v) = 53507*v**2 - 4*v - 2. Is b(1) a prime number?
False
Is ((-93483660)/(-270))/(4*6/108) a prime number?
True
Let b(j) = -8*j**2 - 72*j + 8. Let o be b(-9). Suppose -o*p = -0*p - 16616. Is p a prime number?
False
Suppose -2 = 2*g, -9 = -2*u + g - 0*g. Let f = 7882 + -4501. Suppose 5*q - w - 4*w - 3345 = 0, 5*q + u*w = f. Is q a prime number?
True
Let y(o) be the first derivative of o**2/2 - 3*o + 5. Let a be y(-1). Is (a/6)/(-2*(-1)/(-771)) a prime number?
True
Let s(c) = c**2 + c - 1. Let r be s(1). Let x(v) = 2*v**2 + 4*v - 4. Let u be x(r). Is (u/(-3))/(-6 + (-16248)/(-2709)) a prime number?
False
Let c(f) = -8*f**2 + 308*f - 49. Is c(33) composite?
True
Suppose 5*o - 12 = 2*o. Let y be 80/(-12)*6/o*-2. Suppose -2*d = -6*d + y, 3*d = -4*f + 227. Is f a composite number?
False
Let s(h) = -h**3 - 2*h**2 - h + 1693. Let q(a) = -5*a - 14. Let p be q(0). Let z(r) = r**3 + 15*r**2 + 14*r. Let d be z(p). Is s(d) a composite number?
False
Suppose -4*v - 5*z = -881993, 5*v - 5*z = 1299207 - 196682. Is v prime?
False
Let b be -59*(4 + (-12)/4). Let v = -54 - b. Suppose 2*h = 5*s + 3*h - 5337, 4*s - v*h = 4258. Is s composite?
True
Suppose -5*b = 3*z - 34, 3*z + 1 = -8*b + 10*b. Suppose -5*v + 10776 = 3*f, -f + 17944 = 4*f + z*v. Is f prime?
False
Suppose -i + 1 = -2. Suppose 1 - i = y. Is y/((-3048)/(-764) - 4) prime?
True
Let n = -200 - -197. Let c(q) = -1988*q + 17. Is c(n) a prime number?
True
Let z(a) = 3*a**2 - 22 + 0*a**2 - a**3 - 16*a**2 + 9*a. Let g be z(-13). Let u = 46 - g. Is u a composite number?
True
Suppose -4*k + 3*w = -6, 6*k - k = -4*w - 8. Suppose -4*f + 3639 + 11093 = k. Is f prime?
False
Let b(t) = -2*t**2 - 9*t - 6. Let g be b(-3). Suppose -g*o = -6*o + 9. Is 1191 - (-3 - (-4 - o)) a composite number?
False
Let y(q) = q. Let g be y(1). Suppose -2*p + 3*u + 12 = 0, 4*p + g = 3*p - 2*u. Suppose -p*s + 4*s + 951 = t, -8 = -4*s. Is t composite?
False
Let b be (9 - 4) + 10908/(-2). Let y = 10284 + b. Is y a composite number?
True
Let b(z) = 876*z**2 + 26*z + 27. Is b(-5) a prime number?
False
Let g(r) = 8*r**2 - 4*r - 121. Let m be g(-14). Suppose -4549 = -3*t - 5*x, t - 3*x - 2*x = m. Is t a prime number?
False
Suppose -3*i - 8 = -5*i. Suppose 3*z - 4*m - 67 = 56, -2*m = -i*z + 174. Suppose -5*d + 80 = 3*a, -3*d + z + 37 = -5*a. Is d a prime number?
True
Suppose -2*m = -7*m + 3*o - 9, 4*o - 12 = -5*m. Suppose m = x + 5*d - 1, -3*d + 11 + 10 = 4*x. Is ((-3)/x)/(5/(-19310)) a composite number?
False
Let k = -16549 + 37398. Is k a composite number?
False
Suppose -25*c = 195299 - 9633774. Is c composite?
True
Let z(q) = -7*q**2 - 5*q + 17*q - 3 + 35*q**2. Suppose -3*x - 4*k - 36 = 0, 11 = 4*x + k + 46. Is z(x) a prime number?
True
Let c = 17123 + -7149. Is (-8 + 6)*c/(-4) composite?
False
Suppose -609 - 318 = -3*w. Suppose -316*f + 36617 = -w*f. Is f composite?
False
Let h = -180 + 184. Suppose 6*u = 2*u + 2*w + 7174, 4*u - h*w = 7168. Is u a prime number?
False
Suppose -38*b + 4071001 = 3*p - 39*b, 4*b - 6785013 = -5*p. Is p composite?
False
Suppose 0 = -8*k + 2*k + 185055 + 196611. Is k a prime number?
True
Suppose 0 = -5*i - 4*i + 54. Let o(l) = 53*l**2 + 35*l - 7. Let h(d) = -27*d**2 - 18*d + 4. Let x(c) = i*o(c) + 11*h(c). Is x(7) composite?
True
Suppose s = -5*g + 221868, -5*g - 12639 = 3*s - 678253. Is s a composite number?
False
Suppose 120*d = 9335282 + 5675398. Is d a composite number?
True
Let g(d) = -139*d + 1552. Is g(-85) a prime number?
True
Let w = 43 - 121. Let n = w - -80. Suppose n*s - 2*d - 90 = 0, d - 22 = -s + 19. Is s a composite number?
False
Suppose 6*n = 5*n - 6. Let f be n*(1 - 0)*5/(-10). Suppose 0*z + 1763 = 2*k - 3*z, -f*k + 5*z = -2643. Is k a prime number?
False
Let d(l) = -87*l - 99. Let h(t) = -t**2 - 10*t - 16. Let y be h(-9). Let q(c) = 131*c + 148. Let f(n) = y*d(n) - 5*q(n). Is f(-16) a composite number?
True
Suppose -4*r + 2*r + 3260 = w, 0 = 2*w - 4. Suppose -5222 + r = -q. Is q a prime number?
True
Let r be (1 - -4)/(4 - (9 + -6)). Suppose -2*i = -i + j, 5*j = r. Let a(d) = -503*d. Is a(i) a prime number?
True
Let b(v) = 2145*v**2 - 14*v - 28. Let i be b(-2). Let s = -3871 + i. Is s a prime number?
False
Suppose -4230 = 4*r + r - p, 3*r + 2538 = -2*p. Let s(t) = 23*t**2 - 9*t + 15. Let j be s(-11). Let w = j + r. Is w a composite number?
True
Let z be ((-9)/(-12))/((15/(-3))/(-20)). Suppose o - 5*g = z*o - 14, 0 = -4*o - g + 10. Suppose -s + 2*l = -269, 27 + 486 = o*s + l. Is s prime?
False
Suppose -3*l + y - 5*y - 2 = 0, 0 = -4*l + y + 10. Suppose 4*a - l*o = o + 708, 2*a - 354 = 3*o. Is a*(-7 + 4 - -4) a composite number?
True
Suppose -1524 = 3*x + 4*q, -4*x - x - q = 2557. Suppose 0 = v - 3*f + 1868, -50*f + 46*f - 7552 = 4*v. Let l = x - v. Is l prime?
False
Let z be (160552/(-42))/((-1)/3). Suppose -d = i - z, 4*i + 3*d = 8*d + 45863. Is i prime?
True
Let g be 14 - (-6)/9*(-15)/(-10). Let l = -33 + g. Let j(k) = -17*k - 13. Is j(l) prime?
True
Let n be ((-5506)/1)/(4 + -2 + -3). Let q = n - 3869. Is q a prime number?
True
Suppose 331*i = 342*i - 117029. Is i composite?
False
Let c(y) = y**3 - 21*y**2 - 19*y - 16. Let l be c(15). Let s be l/3 - (0 - (-2)/3). Is 0/((-1)/(-4 - -3)) - s a composite number?
True
Suppose 14*j + 25*j - 37013 = 30808. Is j composite?
True
Let j = 505 - 511. Let n(u) = -4*u**3 + 3*u**2 + 15*u + 11. Is n(j) a prime number?
False
Suppose -p + 220 = 5*h, -4*h = -2*p - 128 + 582. Suppose 2*j - 2569 = p. Is j prime?
False
Suppose d + 13*j = 9*j + 109829, -5*j - 329368 = -3*d. Is d a prime number?
False
Let v(h) = 92*h + 19. Suppose -3*m - 6*m = -81. Let f be v(m). Suppose 2549 = 2*n + f. Is n prime?
False
Suppose 7*w - 6*w - 5 = 0. Suppose 0 = w*b - 31834 - 796. Let a = b - 4637. Is a a composite number?
False
Suppose 4*y = 2*c + 2*y + 8, -y = 5*c - 4. Let f be (-4)/(-4) - (c - -3). Is (-21819)/(-35) - f/(-5) a composite number?
True
Suppose 2*v + y = -13, 2*y - 31 = 4*v + 15. Is (-4254)/(v/(36/8)) a prime number?
False
Let x(h) = -75*h**3 - 10*h**2 - 31*h - 6. Let p be x(-5). Let f = p - 125. Is f composite?
True
Let h(c) = 37*c + 6*c - 9*c + 3. Let s(d) = 67*d + 7. Let r(k) = -9*h(k) + 4*s(k). Is r(-2) a composite number?
True
Let v(p) = 2*p**2 + 524 - p**2 + 9*p + 725. Is v(0) a composite number?
False
Let c = -35 - -29. Let g be 416/40 + c/(-10). Suppose 0 = -7*j + g*j - 4724. Is j prime?
True
Let t(s) be the third derivative of -13*s**4/6 + 17*s**3/6 + s**2 - 48. Is t(-15) prime?
True
Let q(p) = -307*p + 25. Let i(b) = 308*b - 25. Let h(d) = -5*i(d) - 4*q(d). Suppose 8*y = -22*y - 330. Is h(y) composite?
False
Let o = -2 - -14. Suppose -o*f + 9671 = 2099. Is f prime?
True
Let j(n) = -49*n + 4. Let c be (-497)/(-21) + 2/(-3). Let b = c + -24. Is j(b) a composite number?
False
Let f be (24/15)/((-16)/(-40)). Suppose 0 = 3*c, -4*l - f*c - 655 = -5*l. Is l a prime number?
False
Suppose -6*a + 3885 = -a. Let k(d) = 5*d**2 - 36*d - 339. Let l be k(-9). Let m = a + l. Is m composite?
True
Let s(i) = 86*i**3 + 2*i**2 - i - 5. Let z(b) = b**3 + 1. Let l(d) = s(d) + 6*z(d). Let q be 20/(-4)*(2 - (-36)/(-15)). Is l(q) a composite number?
False
Let g(q) = -20532*q - 4831. Is g(-22) a prime number?
False
Let v = -139831 + 365780. Is v composite?
False
Let m be ((-5)/3)/(5/(-105)). Suppose -m + 19 = -4*t. Suppose 4*j = -t*j + 23960. Is j a prime number?
False
Suppose -20*j - 162562 = -4*l - 15*j, -3*l = -3*j - 121923. Is l a prime number?
False
Suppose 40*b - 45*b + 105929 = z, 5*z + 5 = 0. Suppose -119*f + 115*f + 12 = 0, 3*t + f = b. Is t composite?
True
Suppose 5*j - 5*n = 83 - 8, -j = -4*n - 15. Suppose -4*y - 3 + j = 4*w, 1 = -w. Suppose -5*s - y*q + 1271 = 0, 214 = 4*s - 2*q - 782. Is s prime?
True
Let u =